1).
-179
Let y(k) = -k**3 + 35*k**2 - 279*k + 69. Determine y(13).
160
Let g(h) = 46*h**2 + 4551*h - 468. Determine g(-99).
-171
Let z(b) = -7*b**2 + 1343*b - 18428. Determine z(177).
-20
Let n(y) = -21*y - 1256. Calculate n(-79).
403
Let i(j) = j**3 - 56*j**2 + 20*j + 2252. What is i(7)?
-9
Let a(k) = 8*k**3 - 62*k**2 + 54*k - 1271. Give a(9).
25
Let q(y) = 8*y - 233. Give q(32).
23
Let f(j) = -2*j**2 - 119*j - 321. Give f(-54).
273
Let b(q) = -7*q**2 - 1210*q - 4840. Calculate b(-4).
-112
Let w(q) = -4978*q + 5405. What is w(1)?
427
Let g(w) = -2*w**3 - 865*w**2 - 15318*w - 5. Determine g(-414).
-5
Let q(f) = 455*f**3 - 5459*f**2 - 11*f - 39. Give q(12).
-27
Let j(g) = -39*g**2 - 283*g - 107. Determine j(-8).
-339
Let t(q) = -314*q**2 - 125*q + 26. Determine t(-2).
-980
Let m(f) = 865*f + 160. Give m(1).
1025
Let i(v) = 9*v**2 + 374*v - 2255. Give i(-47).
48
Let b(x) = 96*x - 14165. Calculate b(147).
-53
Let u(p) = 196*p**2 - 67*p + 9. Give u(2).
659
Let b(n) = -4*n**3 - 1276*n**2 - 2507*n + 9195. Give b(-317).
2
Let m(j) = 271*j**2 - 2446*j + 50. What is m(9)?
-13
Let m(t) = 75*t**2 + 1111*t - 160. Determine m(-15).
50
Let t(p) = 19560*p - 19567. What is t(1)?
-7
Let r(p) = -p**3 - 261*p**2 - 4153*p - 87. What is r(-17)?
-2
Let s(f) = 381*f + 19149. Determine s(-52).
-663
Let q(b) = -6077*b + 18195. What is q(3)?
-36
Let l(h) = -4572*h + 118846. Calculate l(26).
-26
Let o(h) = -7*h**2 - 532*h + 2112. What is o(4)?
-128
Let c(t) = -2*t**3 + 12*t**2 + 701*t - 5310. Determine c(8).
42
Let o(v) = 1120*v - 32456. Calculate o(29).
24
Let w(h) = -h**3 - 213*h**2 + 2230*h - 50. Calculate w(10).
-50
Let z(c) = 24*c**3 + 161*c**2 + 81*c - 13. Give z(-3).
545
Let l(k) = -k**2 - 559*k - 31591. Determine l(-495).
89
Let t(s) = 1049*s - 14681. Give t(14).
5
Let s(r) = -r**3 + 86*r**2 + 11627*r + 12. What is s(-73)?
-1448
Let m(i) = -6*i**2 - 112*i - 805. Determine m(-8).
-293
Let u(h) = 31*h**2 - 13007*h - 5396. Determine u(420).
64
Let w(z) = 49*z**3 + 1179*z**2 + 78*z + 98. Determine w(-24).
-46
Let q(z) = 11*z**2 + 289*z + 1868. Give q(-11).
20
Let b(g) = -4*g**3 - 1291*g**2 - 9758*g + 2227. Calculate b(-315).
22
Let m(q) = q**3 + 100*q**2 + 590*q + 59404. Give m(-100).
404
Let z(p) = -83171*p + 83118. What is z(1)?
-53
Let i(n) = 166990*n + 2337739. Determine i(-14).
-121
Let x(p) = -11*p**2 + 351*p - 2102. What is x(6)?
-392
Let d(j) = -j**3 - 5*j**2 + 58*j + 498. Give d(-9).
300
Let u(z) = z**3 - 12327*z**2 - 148067*z + 10. Determine u(-12).
-2
Let l(d) = 41178*d + 123517. Calculate l(-3).
-17
Let x(n) = -n**2 + 2358*n - 69833. Calculate x(30).
7
Let n(i) = -5*i**3 - 147*i**2 + 34*i + 2689. Calculate n(-29).
21
Let n(i) = 721*i - 7213. What is n(10)?
-3
Let f(x) = -x**3 + 37*x**2 - 73*x - 2105. Give f(33).
-158
Let u(x) = -34*x**2 + 453*x - 1314. Give u(9).
9
Let k(n) = -51*n**3 + 253*n**2 + 38*n - 145. What is k(5)?
-5
Let x(q) = 2*q**3 - 1321*q**2 + 809*q - 98238. Determine x(660).
102
Let m(o) = -29*o**2 - 1177*o - 3523. What is m(-3)?
-253
Let n(i) = -1991*i + 461909. Calculate n(232).
-3
Let m(u) = 6*u**2 - 1594*u + 25293. Calculate m(17).
-71
Let p(m) = 3*m**3 + 117*m**2 + 977*m - 4. What is p(-12)?
-64
Let d(u) = -66638*u + 399405. Give d(6).
-423
Let c(z) = -7*z**2 - 1733*z - 12720. Determine c(-240).
0
Let z(g) = 2964*g - 391301. Give z(132).
-53
Let f(r) = -157*r**2 + 386*r - 83. What is f(-6)?
-8051
Let h(v) = v**3 + 43*v**2 + 457*v + 31. Determine h(-24).
7
Let v(q) = -689*q**2 + 48*q + 7. What is v(-1)?
-730
Let j(u) = 4*u**2 + 882*u + 5940. Determine j(-7).
-38
Let q(a) = -23048*a - 138271. Determine q(-6).
17
Let a(j) = 5*j**2 + 3040*j - 12218. Give a(4).
22
Let l(p) = -6*p**2 + 210*p - 788. Give l(31).
-44
Let v(p) = -6*p**2 - 654*p - 15074. What is v(-76)?
-26
Let m(f) = -5*f**3 - 1300*f**2 - 14*f - 3746. Determine m(-260).
-106
Let y(c) = 94819*c - 8628538. What is y(91)?
-9
Let h(v) = -v**2 + 182*v + 63032. Calculate h(358).
24
Let c(z) = -9*z**2 + 1094*z - 2384. Give c(120).
-704
Let a(j) = -2*j**3 + 99*j**2 - 150*j + 126. Calculate a(48).
-162
Let c(a) = a**3 - 60*a**2 - 2390*a + 3549. What is c(87)?
-18
Let m(p) = 16*p**2 + 127*p + 377. What is m(-3)?
140
Let l(g) = 7609*g + 40318. What is l(-6)?
-5336
Let g(p) = -1421*p**2 - 2320*p + 4647. Give g(2).
-5677
Let h(c) = 7*c**2 + 386*c + 66. Give h(-57).
807
Let q(r) = -r**3 + 133*r**2 + 2339*r + 6671. Determine q(149).
-34
Let x(k) = k**3 + 105*k**2 + 234*k + 13518. Give x(-104).
-2
Let c(d) = -165*d**2 + 688*d - 12. Determine c(3).
567
Let l(m) = -1241*m + 472830. Determine l(381).
9
Let o(d) = -53*d**2 + 2402*d - 15809. Determine o(8).
15
Let u(g) = -g**3 - 318*g + 1639. Calculate u(5).
-76
Let j(r) = -65*r + 4664. What is j(43)?
1869
Let w(u) = -u**3 + 47*u**2 - 563*u + 1079. Determine w(29).
-110
Let c(h) = -20560*h + 1027777. Calculate c(50).
-223
Let t(u) = -65*u**2 + 4078*u - 30683. Give t(54).
-11
Let w(s) = -2267*s - 9775. What is w(-4)?
-707
Let y(p) = -20*p**2 - 220*p - 258. Give y(-9).
102
Let i(s) = 23*s**3 + 102*s**2 + 55*s + 48. Give i(-4).
-12
Let z(s) = 28*s**2 + 1919*s + 10449. What is z(-6)?
-57
Let r(y) = -y**3 - 591*y**2 - 369*y + 130358. Determine r(-590).
-32
Let r(g) = -7693*g - 76940. Determine r(-10).
-10
Let n(a) = 56*a**2 + 5352*a - 2333. Calculate n(-96).
-29
Let a(z) = 5*z**2 - 41*z + 66. Give a(5).
-14
Let w(a) = 117*a**2 - 1094*a - 2206. Calculate w(-2).
450
Let r(h) = -h**2 + 176*h - 2680. Determine r(40).
2760
Let y(m) = 2*m**2 + 63*m + 528. Give y(-25).
203
Let x(m) = 10536*m + 632226. What is x(-60)?
66
Let a(m) = 67514*m + 9992065. Determine a(-148).
-7
Let v(t) = 180*t - 2756. Determine v(18).
484
Let g(l) = -2*l**2 + 843*l - 77270. Determine g(141).
1831
Let h(g) = 179771*g + 898877. Determine h(-5).
22
Let c(t) = t**3 - 105*t**2 + 253*t - 49956. What is c(107)?
13
Let p(y) = 2*y**2 - 430*y - 18722. What is p(253)?
506
Let i(a) = 96*a + 3446. Give i(-45).
-874
Let z(t) = 24575*t - 49151. Calculate z(2).
-1
Let l(i) = -i**2 - 1378*i + 11066. Calculate l(8).
-22
Let r(l) = 103333*l + 2479966. Give r(-24).
-26
Let i(y) = 178*y - 20737. Give i(118).
267
Let z(y) = -11305*y + 67858. Calculate z(6).
28
Let q(z) = -18*z**2 - 5*z + 59. Determine q(2).
-23
Let u(q) = q**2 + 236*q + 12934. Calculate u(-152).
166
Let y(k) = -6352*k - 38384. Determine y(-6).
-272
Let h(u) = 2505*u + 52573. Give h(-21).
-32
Let u(c) = 11468*c - 126136. Calculate u(11).
12
Let a(z) = z**2 - 115*z + 2736. What is a(71)?
-388
Let l(s) = -1483*s**2 - 17789*s + 76. Calculate l(-12).
-8
Let j(d) = -8173*d + 32920. Determine j(4).
228
Let q(g) = -g**3 + 18*g**2 - 27*g + 187. Calculate q(20).
-1153
Let i(m) = 3*m**3 + 13*m**2 + 67*m + 333. Determine i(-5).
-52
Let y(h) = -3*h**2 - 653*h - 15943. Give y(-28).
-11
Let g(o) = -o**2 - 233*o - 725. Determine g(-229).
191
Let r(q) = -706*q - 23156. Calculate r(-33).
142
Let c(f) = -39*f**2 - 8*f + 48. Determine c(0).
48
Let h(t) = -2*t**2 + 209062*t + 13806806. Give h(-66).
2
Let k(x) = -279558*x + 1956911. Give k(7).
5
Let x(n) = -4186*n**2 - 12587*n - 98. What is x(-3)?
-11
Let v(k) = -2204*k + 357455. Determine v(162).
407
Let b(v) = 378*v + 4567. Determine b(-12).
31
Let y(l) = 10287*l - 8591. What is y(1)?
1696
Let t(r) = r**3 + 277*r**2 + 1027*r - 1639. Determine t(-5).
26
Let s(h) = -53*h**3 - 15*h**2 - 113*h - 106. What is s(-1)?
45
Let p(x) = 3994*x - 631053. Determine p(158).
-1
Let o(j) = 102*j**2 + 106*j + 24. Determine o(-3).
624
Let t(f) = f**3 + 39*f**2 - 365*f - 3565. Determine t(-46).
-1587
Let h(o) = 514*o - 27235. Give h(53).
7
Let h(m) = 987*m - 992. Calculate h(1).
-5
Let t(v) = 53*v**2 + 2561*v - 4438. Determine t(-50).
12
Let x(w) = -w**2 + 1067*w - 18902. Give x(18).
-20
Let v(f) = -280*f - 24673. Give v(-93).
1367
Let s(x) = x**3 - 658*x**2 - 6613*x - 44579. Give s(668).
177
Let t(o) = 25674*o - 25668. Give t(1).
6
Let j(t) = 33*t**3 - 18962*t**2 - 7472*t - 1723. Determine j(575).
2
Let s(w) = 442434*w + 442447. Determine s(-1).
13
Let b(f) = -2*f**2 - 22637*f - 81. What is b(0)?
-81
Let z(b) = -2*b**2 + 97*b - 383. Calculate z(42).
163
Let y(d) = d**3 - 7*d**2 - 109*d + 649. Determine y(14).
495
Let f(q) = -297*q - 49682. What is f(-161)?
-1865
Let h(l) = 4869*l + 44449. Calculate h(-9).
628
Let a(l) = 